13, 0 = 3*v + 2*k. Let c be ((2 - v) + 0)/1. Suppose 0 = r + l - 6*l - 16, -4*r + 2*l + 64 = c. What are the prime factors of r?
2
Let i(r) = r + 2. Let h be i(2). Suppose 81 = 3*k - 5*j, 6*k + h*j - 54 = 3*k. Let d = 8 + k. What are the prime factors of d?
2, 3, 5
Let p = 3802 - 1426. List the prime factors of p.
2, 3, 11
Let r be -2*1 - (-465)/(15/(-3)). Let b = r + 143. List the prime factors of b.
2, 3
What are the prime factors of 1488/14 - (-5)/(-210)*12?
2, 53
Let c = -769 + 995. What are the prime factors of c?
2, 113
Let d = 174 - 259. Let k = d + 126. What are the prime factors of k?
41
Suppose -6*b = 4*n - b - 28, 4*b - 22 = -3*n. Suppose -2*k + 3*d - 8 = d, -6 = -n*d. What are the prime factors of (43 - -4 - k) + -3?
3, 5
Let u = -2134 + 1414. Let h be u/(-6) + -1*2. Suppose 3*d - h = 5*s, -3*s - 2*s - 72 = -2*d. What are the prime factors of d?
2, 23
Suppose -19*z = -36*z + 391. Suppose 10 - 34 = -4*c. Let n = c + z. What are the prime factors of n?
29
Suppose 8*x = 3*x. Suppose 3*i = 3*f - 12, 2*i + f + 0*f + 14 = x. List the prime factors of i/(-30) - (-49)/5.
2, 5
Let t be (-306)/(-27)*39/2. Suppose -3*h + 0*q + t = 2*q, -2*h + 143 = -3*q. List the prime factors of h.
73
List the prime factors of (-105)/(-245) + ((-918)/14)/(-1).
2, 3, 11
Suppose 39*z - 28 = 35*z. List the prime factors of ((-53)/(-5))/(z/35).
53
Let z = 6 + 30. Suppose z = -g - 2*g. List the prime factors of (g/8)/(3/(-8)).
2
What are the prime factors of (-3 - 51)/(3/(-2)) - -5?
41
Let i(x) = -432*x - 276. List the prime factors of i(-14).
2, 3, 13, 37
What are the prime factors of -159 + 157 + (-2 - -753)/1?
7, 107
List the prime factors of (5 + -4 - 2)*(-82)/1.
2, 41
Let i(j) = j**3 + j**2 - 6*j + 2. Let l be i(-3). Let w be l + (6 - 3) + -3. Let d(u) = 2*u**2 - 3*u + 1. List the prime factors of d(w).
3
Let c be (-99)/(-27) + 0 + (-2)/3. Suppose 0 = -4*h, c*k + 3*h = -2*k + 20. List the prime factors of k.
2
Let f(w) = -w**3 + w**2 - 4*w - 27. Let t be f(0). What are the prime factors of (1 - (-634)/6) + 18/t?
2, 53
Let p(o) = 4*o**2 + 2*o**3 - 8*o + 3*o**3 - 3 - 4*o**3 - 3. Let y be p(-5). Let k(h) = h**2 - 9*h + 3. What are the prime factors of k(y)?
3
Suppose 3*v - u - 1 = 0, 5*v - 7 = -2*u + 13. Suppose x + 345 = 5*r, -v*x = -r + 59 + 10. What are the prime factors of r?
3, 23
Let l(n) = n**2 - 19*n + 22. Let m be l(18). Suppose -3*a + 238 = m*a. List the prime factors of a.
2, 17
Let d = 123 + -36. Let m = -60 + d. Suppose 4*p = 3*p + m. What are the prime factors of p?
3
Let a be (220/66)/((-2)/15). Let l = a + 55. List the prime factors of l.
2, 3, 5
What are the prime factors of 2 - (7 - 4501)/6?
751
Suppose 3*o = 5*c - 3163 - 5522, -5*c - 3*o + 8685 = 0. What are the prime factors of c?
3, 193
Suppose 5*j = -b - 22, 3*j = -5*b - 0*j. Suppose b*d - 4*d = -2. Suppose -51 = -o + 4*w - 6*w, -5*w = d*o - 106. List the prime factors of o.
43
Let m(r) = -5 + 2*r**2 + 3 - 5*r - 3 - 5. List the prime factors of m(7).
53
Let t = 60 - 33. Let c = 24 - t. Let d(y) = -19*y - 3. List the prime factors of d(c).
2, 3
Suppose 28 = 11*h - 7*h. Let r(q) = -q**3 + 8*q**2 - 8*q + 5. Let k be r(h). What are the prime factors of (9/(-6))/(1/k)?
3
Let l(d) = 3*d**3 + 21*d**2 + 9*d + 27. Let q(b) = 2*b**3 + 11*b**2 + 4*b + 14. Let s(h) = 3*l(h) - 5*q(h). What are the prime factors of s(8)?
67
Suppose 5*o + 135 = 4*n - 132, 57 = n + 2*o. Let f = n - -18. Suppose -2*h = -a - f, 0 = -h + 4*h - 3*a - 114. List the prime factors of h.
43
Let a(q) = q**3 + 14*q**2 - 2*q + 29. Suppose -38 = 4*w + 10. List the prime factors of a(w).
11, 31
Let p(c) = -12*c + 25. Let o be p(3). Let s(k) = -17*k - 9. What are the prime factors of s(o)?
2, 89
Let j(x) be the first derivative of -x**3/3 + 2*x + 2. Let p be j(0). Suppose p*a - 24 - 26 = 0. List the prime factors of a.
5
Let g = 2219 + -1174. List the prime factors of g.
5, 11, 19
Suppose w = 2*t + 10, 0 = -2*t - 4*w - 25 - 5. Let u(n) = n**3 + 9*n**2 - n - 7. List the prime factors of u(t).
2, 7
Let s be 2 + 1 + -3 + 0. Let k(x) = x**2 + 23. Let o be k(s). Let q = -7 + o. List the prime factors of q.
2
Let q(p) be the first derivative of -5*p**2/2 + 13. What are the prime factors of q(-10)?
2, 5
Suppose -3*w + n + 799 = 0, -846 = -2*w + 5*n - 309. What are the prime factors of w?
2, 7, 19
Let s = -21 - -24. Suppose -s*v + 11*v = 0. Suppose 4*p - 103 - 57 = v. What are the prime factors of p?
2, 5
Suppose j - 1208 = -o, 0 = 3*o + 28*j - 26*j - 3629. List the prime factors of o.
1213
Suppose -12*j = -1841 - 52267. What are the prime factors of j?
3, 167
Let l = 1995 - 1403. What are the prime factors of l?
2, 37
Let p = 27 + -21. Suppose 9 = -5*o + p*o. List the prime factors of -106*((-9)/2)/o.
53
Let v = 5 - 10. Let m(n) = 20*n**2. Let w be m(1). Let q = w - v. What are the prime factors of q?
5
What are the prime factors of (-117)/(1/82*-2)?
3, 13, 41
Let h(w) = 2*w**2 - 8*w + 56. What are the prime factors of h(19)?
2, 313
Let m(p) = -p**3 + 3*p**2 + 3*p + 5. Let n be m(4). Let c(q) = 102*q**2 + q. What are the prime factors of c(n)?
103
Let q(h) = 35*h**2 + 7*h + 7. Let x(t) = -18*t**2 - 3*t - 3. Let a(g) = 2*q(g) + 5*x(g). Let n be a(-1). What are the prime factors of n/(-6) + (-6)/(-9)?
2
Suppose 0 = a - 11*a - 30. Suppose 2*t - 3*j = 0, 0*t - t - 14 = -5*j. Let n = a + t. List the prime factors of n.
3
Let f = 4 - -1. Let n = f + 1. List the prime factors of ((-21)/n - -3)*-10.
5
Let f = -13 + 15. Suppose 0 = 2*g + f*k + 32, 2*k + 50 = -4*g + 5*k. What are the prime factors of (-3)/(3/g) + -2?
2, 3
Let y be (-348)/(-7) + (-6)/(-21). Let b = 90 - y. What are the prime factors of b?
2, 5
Let n(i) = i**2 - 6*i - 7. Let y be n(7). Suppose -5*c - 2*u + 581 = -558, -5*u + 10 = y. List the prime factors of c.
227
Let r = 1152 + -150. What are the prime factors of r?
2, 3, 167
Let f be 8 + -5 + (-14)/2 + 421. Let l = -232 + f. List the prime factors of l.
5, 37
Suppose 5*p - 50 = 95. Let m = p - 7. List the prime factors of m.
2, 11
Suppose -f = -5*i - 506 - 63, i = -3*f - 101. Let q = 44 + i. Let u = q - -102. List the prime factors of u.
3, 11
What are the prime factors of 18/9 + (-2 - -3) + 261?
2, 3, 11
Let m = -193 - -436. List the prime factors of m.
3
Let d be (-8)/2 + 47 + -11. Suppose j - d = -0*j. List the prime factors of j.
2
Let w(d) = -157*d - 24. List the prime factors of w(-30).
2, 3, 11, 71
Suppose 1938 = 16*y - 73*y. Let b be (-6)/(-2)*64/3. Let r = b + y. List the prime factors of r.
2, 3, 5
Suppose 9*v - 8*v = 3*p - 2519, 5*v + 849 = p. What are the prime factors of p?
839
Let f(d) = d**3 + 2*d**2 + 2. Let h be f(-2). What are the prime factors of 7 + (-658)/(-4) - h/(-4)?
2, 43
Let o = -344 + 614. What are the prime factors of o?
2, 3, 5
Suppose -3*h + 9 - 3 = 0. Suppose 0*y = -h*y + 8. What are the prime factors of 8*3*y/12?
2
Suppose 41 = -3*v - 2*d, -3*d - 68 = -v + 6*v. Let f be (-13)/v - (-2 - 0). What are the prime factors of 1/f + (-294)/(-9)?
3, 11
Suppose 2*s - c = 2584, -c = -3*s - 2*c + 3886. What are the prime factors of s?
2, 647
Suppose 5*a - 6 = 3*a. Suppose 0 = 31*k + 8 + 23. List the prime factors of ((-48)/(-9) - k)*a.
19
Let y(k) = -409*k**3 + k**2 - 3*k - 4. What are the prime factors of y(-1)?
409
Let r(g) = -g**3. Let w be r(0). Suppose w = -p + 1, n = -n + 5*p + 99. Suppose k + 0 = n. List the prime factors of k.
2, 13
Suppose 0 = 3*c + o + 399, -2*c + 0*o + o = 271. Let a = -84 - c. What are the prime factors of a?
2, 5
Suppose 0 = -11*s + 34134 + 10064. What are the prime factors of s?
2, 7, 41
Suppose -4*a = -3*p + 738, 0 = 20*a - 15*a. What are the prime factors of p?
2, 3, 41
Suppose -18*q + 22*q = 8. Let i be (-5)/(5/4)*-1. Suppose 0 = q*o + i*s - 72, -110 = -3*o - 4*s - s. What are the prime factors of o?
2, 5
Let c(b) = -b - 2. Let n be c(6). Let s = n - -10. What are the prime factors of (-40 - -3)/(-3 + s)?
37
What are the prime factors of 17/((-136)/48) + 1955?
1949
Let r be 12/((-52)/136 - (-1)/2). Let x(g) = g. Let j be x(5). Suppose -j*f + r = 3*y, -f - y + 30 = 2*y. List the prime factors of f.
2, 3
Suppose -85916 = 18*g - 65*g. List the prime factors of g.
2, 457
Let x = 26 - 23. Suppose -5*w = 3*b - 0*b - 541, x*w - b = 319. List the prime factors of w.
107
Suppose 4*x - 